is d(-12)?
-155
Let j(f) = -1650*f - 8244. Give j(-5).
6
Let f(h) = h**2 + 65*h - 1182. Determine f(16).
114
Let x(u) = -u**3 - 41*u**2 - 41*u - 35. Determine x(-40).
5
Let u(a) = -2*a**3 + 53*a**2 + 2975*a - 278. Determine u(54).
-8
Let w(a) = -10*a**2 + 212*a + 27. What is w(21)?
69
Let q(r) = 76*r + 878. Determine q(-12).
-34
Let m(j) = j + 124. What is m(-118)?
6
Let o(k) = -34*k**3 - 11*k**2 + 13*k - 3. Give o(1).
-35
Let i(p) = -140*p - 3227. Calculate i(-23).
-7
Let i(o) = -1673*o - 1667. Determine i(-1).
6
Let s(z) = z**3 + 56*z**2 + 617*z + 73. Give s(-41).
-9
Let p(w) = 3*w**3 - 86*w**2 - 27*w - 41. Give p(29).
17
Let l(z) = 67*z - 2879. Give l(42).
-65
Let z(j) = -4*j**3 + 37*j**2 + 73*j + 3. Calculate z(11).
-41
Let i(m) = 67*m + 2012. What is i(-28)?
136
Let d(n) = 2*n**2 - 8*n - 54. Give d(-3).
-12
Let k(m) = 149*m + 783. Calculate k(-5).
38
Let z(u) = 2*u**2 - 65*u - 462. What is z(39)?
45
Let j(x) = x**3 - 10*x**2 - 26*x + 216. What is j(8)?
-120
Let b(l) = -133*l**3 - 4*l**2 + 10*l + 12. What is b(-1)?
131
Let b(i) = 21*i - 1596. Determine b(73).
-63
Let f(q) = q**3 - 28*q**2 + 59*q + 61. What is f(25)?
-339
Let s(u) = -5*u - 145. Give s(-10).
-95
Let x(d) = -d**2 - 92*d - 104. Calculate x(-90).
76
Let m(s) = -120*s + 6813. Calculate m(57).
-27
Let f(w) = 155*w + 620. What is f(-4)?
0
Let v(w) = w**3 - 67*w**2 - 308*w - 5. Calculate v(-4).
91
Let z(o) = o**2 - 13*o - 142. Give z(20).
-2
Let n(r) = r**3 - 11*r**2 - 6*r + 11. Give n(10).
-149
Let o(p) = 488*p + 5854. What is o(-12)?
-2
Let l(j) = -j**3 - 476*j**2 + 3853*j - 9195. What is l(-484)?
1
Let h(s) = s**3 - 3*s**2 - 20*s - 10. Calculate h(-4).
-42
Let k(g) = 121*g - 985. What is k(8)?
-17
Let d(h) = -2*h**3 + 118*h**2 - 224*h - 124. Calculate d(57).
104
Let y(o) = -o**3 - 2*o**2 - 30*o - 81. Give y(-3).
18
Let f(w) = 3*w**3 - 14*w**2 + 50*w + 7. What is f(0)?
7
Let l(y) = -y**3 + 19*y**2 + 27*y - 91. Calculate l(16).
1109
Let b(h) = -40*h - 172. Calculate b(-4).
-12
Let p(t) = 2*t**2 - 9*t - 576. Calculate p(19).
-25
Let o(a) = 3*a**2 - 9*a - 51. Calculate o(-10).
339
Let n(i) = -i**3 - 30*i**2 + 215*i + 36. Calculate n(-36).
72
Let b(v) = 4*v**2 - 23*v - 225. Calculate b(-7).
132
Let r(m) = 4*m - 19. Determine r(5).
1
Let o(k) = 2*k**2 - 24*k - 53. What is o(19)?
213
Let l(v) = -4*v**3 + 4*v**2 - 4*v - 7. Calculate l(2).
-31
Let l(f) = f**3 - f**2 - 33*f + 72. Determine l(2).
10
Let a(s) = -s**3 - 6*s**2 + 11*s + 53. Give a(-3).
-7
Let b(x) = -x**2 - 185*x - 1590. Determine b(-9).
-6
Let i(q) = 11*q**2 + 44*q - 85. Calculate i(2).
47
Let v(a) = -2*a**3 + 93*a**2 + 39*a + 364. Give v(47).
-12
Let f(b) = 2*b**2 + 207*b - 1090. Give f(5).
-5
Let i(x) = -32*x - 611. Determine i(-19).
-3
Let a(d) = 92*d**2 + 17297*d + 204. Calculate a(-188).
16
Let c(s) = 2*s**2 - 95*s + 1121. Give c(20).
21
Let r(p) = -2*p**3 + 7*p**2 + 8*p + 4. Determine r(-2).
32
Let l(w) = -w**3 + 16*w**2 + 62*w - 35. Give l(19).
60
Let l(y) = -y**3 - 63*y**2 - 122*y - 11. Determine l(-61).
-11
Let z(u) = -274*u**2 - 7*u + 6. Determine z(1).
-275
Let x(j) = -j**2 + 18*j + 121. Determine x(35).
-474
Let i(w) = 3*w**3 + 3*w**2 + 14*w + 36. Determine i(-3).
-60
Let w(o) = -2*o**3 - 5*o**2 + 32*o - 15. Give w(3).
-18
Let p(t) = t**3 + 43*t**2 + 449*t - 4. Determine p(-25).
21
Let t(s) = 6*s**2 + 86*s - 254. Determine t(3).
58
Let c(h) = h**3 - 25*h**2 + 124*h + 2. Give c(18).
-34
Let f(c) = c**3 - 11*c**2 - 153*c - 256. What is f(20)?
284
Let r(s) = 2*s + 32. Determine r(4).
40
Let z(u) = -u**2 - 3*u + 148. What is z(12)?
-32
Let l(d) = -48*d**2 - 2154*d + 282. Calculate l(-45).
12
Let i(s) = -10*s**2 - 223*s - 73. Determine i(-22).
-7
Let j(z) = -12*z**3 + 253*z**2 - 35*z + 195. Give j(21).
-99
Let h(f) = 546*f - 32194. Determine h(59).
20
Let q(a) = 194*a - 579. Determine q(4).
197
Let v(d) = d**3 - 9*d**2 - 38*d + 255. Give v(9).
-87
Let y(z) = -301*z + 600. Calculate y(2).
-2
Let d(v) = -v**3 + 44*v**2 + 90*v + 103. Determine d(46).
11
Let x(b) = -350*b + 4855. Calculate x(14).
-45
Let f(w) = w**3 + 38*w**2 + 9*w - 150. Determine f(-38).
-492
Let k(j) = -j**3 + 9*j**2 - 10*j + 8. Determine k(3).
32
Let y(b) = -6*b**2 - 634*b - 12308. Give y(-80).
12
Let v(a) = -2*a - 30. Determine v(-7).
-16
Let f(z) = 5*z**2 - 37*z - 140. What is f(-3)?
16
Let m(h) = 5*h - 85. Give m(17).
0
Let d(j) = -78*j**2 - 1317*j + 160. Calculate d(-17).
7
Let i(b) = 2*b**3 - 4*b**2 - 281. Calculate i(0).
-281
Let v(o) = o**3 - 50*o**2 + 51*o - 15. Give v(49).
83
Let x(o) = -437*o - 4052. What is x(-9)?
-119
Let g(u) = 105*u**2 + 914*u + 589. Determine g(-8).
-3
Let v(t) = 544*t - 553. Determine v(1).
-9
Let o(h) = -2*h**2 + 33*h - 98. Calculate o(12).
10
Let n(a) = -6*a + 198. Calculate n(20).
78
Let c(r) = -2*r**2 - 19*r + 739. Determine c(15).
4
Let u(q) = -q**3 + q**2 + 26*q - 12. Give u(-5).
8
Let l(i) = -3067*i + 9190. What is l(3)?
-11
Let b(j) = j**3 - j**2 - 67*j - 35. Calculate b(9).
10
Let m(u) = 34*u**2 - 25*u + 26. Determine m(1).
35
Let g(a) = 6*a**2 + 119*a - 28. Give g(-6).
-526
Let u(p) = 7*p**2 + 2*p - 4. Determine u(2).
28
Let q(k) = -k**2 - 46*k - 513. What is q(-24)?
15
Let r(x) = -x**3 + 16*x**2 - 58*x - 13. Calculate r(10).
7
Let p(w) = -605*w**2 + 141*w - 143. What is p(1)?
-607
Let b(v) = 9*v**3 - 60*v**2 + 16*v - 10. Give b(7).
249
Let t(n) = -321*n - 9645. What is t(-30)?
-15
Let b(h) = 318*h**2 - 65187*h - 617. What is b(205)?
-2
Let r(o) = -o**3 + 47*o**2 + 51*o - 129. Calculate r(48).
15
Let k(t) = 22*t - 323. What is k(15)?
7
Let h(q) = -1101*q - 8784. What is h(-8)?
24
Let h(y) = -3*y**2 - 7. What is h(7)?
-154
Let b(l) = 84*l + 625. Calculate b(-8).
-47
Let g(d) = 1966*d + 33419. Determine g(-17).
-3
Let h(z) = z**3 - 86*z**2 - 189*z + 1145. What is h(88)?
1
Let l(b) = -1233*b + 19722. What is l(16)?
-6
Let h(p) = -p + 93. Determine h(21).
72
Let q(o) = 2*o**3 + 23*o**2 + 65*o + 82. Calculate q(-8).
10
Let n(j) = 4*j**2 + 26*j + 9. What is n(-6)?
-3
Let z(p) = -p**2 - 2106*p + 21147. What is z(10)?
-13
Let q(g) = 131*g + 11020. Give q(-84).
16
Let z(p) = -156*p**2 + 30*p - 31. Determine z(1).
-157
Let a(b) = -201*b**2 - 5*b - 7. Calculate a(1).
-213
Let b(t) = -6*t**2 - 244*t + 78. Determine b(-41).
-4
Let p(h) = -163*h + 2931. What is p(18)?
-3
Let n(y) = -29*y + 120. Determine n(7).
-83
Let m(z) = z**2 + 56*z + 405. What is m(-37)?
-298
Let f(b) = -42*b**2 + 1594*b + 82. Give f(38).
6
Let x(t) = 153*t - 1161. Determine x(10).
369
Let y(u) = -u**3 - 17*u**2 - 44*u - 457. Give y(-16).
-9
Let d(v) = v**3 + 37*v**2 + 2*v + 1517. Determine d(-38).
-3
Let a(i) = 22*i**2 - 1849*i + 79. Calculate a(84).
-5
Let y(v) = -6*v**2 - 24*v - 61. Determine y(-4).
-61
Let a(y) = -y**2 - 1786*y + 19768. Give a(11).
1
Let b(m) = -370*m + 599. Give b(0).
599
Let o(f) = -4*f**2 + 199*f + 451. What is o(52)?
-17
Let s(x) = x**3 - 22*x**2 - 164*x - 54. What is s(-5)?
91
Let o(m) = -282*m + 287. Determine o(1).
5
Let t(d) = 59*d - 6676. Give t(114).
50
Let v(d) = 90*d + 5. Determine v(-4).
-355
Let v(j) = j**3 + 98*j**2 - 160*j + 4013. Calculate v(-100).
13
Let c(w) = -6*w**3 + 24*w**2 - w - 19. Determine c(5).
-174
Let h(s) = s**3 + 18*s**2 + 60*s - 113. What is h(-7)?
6
Let s(r) = 3*r**2 - 33*r + 79. Calculate s(4).
-5
Let t(c) = 32*c + 279. What is t(-20)?
-361
Let b(o) = 35*o + 649. Give b(-19).
-16
Let i(w) = 220*w + 1098. Determine i(-5).
-2
Let p(s) = 3*s**2 - 551*s - 7254. Calculate p(196).
-2
Let n(a) = -76*a - 675. What is n(-9)?
9
Let o(u) = 4*u**3 + 69*u**2 + 11*u - 88. Determine o(-17).
14
Let g(j) = -290*j - 4551. Determine g(-17).
379
Let u(y) = -y**3 + 17*y**2 + 90*y - 102. Calculate u(21).
24
Let w(v) = 48*v - 1084. What is w(21)?
-76
Let i(u) = -113*u**3 - 8474*u**2 + 76*u + 62. What is i(-75)?
-13
Let q(c) = 10*c - 36. What is q(5)?
14
Let c(h) = 46*h + 70. Determine c(-3).
-68
Let y(t) = -386*t - 8059. Give y(-21).
47
Let d(c) = c**2 - 352*c - 4682. Calculate d(-13).
63
Let g(i) = -24*i + 979. Determine g(39).
43
Let l(b) = 2*b**2 + 1190*b + 7065. Give l(-6).
-3
Let x(n) = -233*n**2 - 9548*n + 206. Calculate x(-41).
1
Let s(k) = 159*k - 5081. Calculate s(32).
7
Let x(i) = i**3 - 41*i**2 + 37*i + 78. What is x(40)?
-42
Let a(t) = 2*t**2 - 51*t + 22. Calculate a(23).
-93
Let f(x) = 8*x**3 + 52*x**